(-7).
32
Let r(i) = 2*i**3 - 55*i**2 + 30*i - 80. Give r(27).
1
Let k(m) = m**3 + 8*m**2 - 5*m + 31. What is k(-9)?
-5
Let i(v) = -134*v + 317. Give i(7).
-621
Let n(v) = -156*v - 609. Determine n(-4).
15
Let b(i) = -2*i**2 - 74*i + 512. Determine b(6).
-4
Let g(p) = -95*p - 1900. What is g(-20)?
0
Let k(t) = t**3 + 9*t**2 + 9*t + 43. What is k(-8)?
35
Let o(f) = -4*f**3 - 5*f**2 - 6*f - 3. Give o(-3).
78
Let j(h) = h**2 + 6*h - 21. Calculate j(-15).
114
Let i(d) = 95*d**2 - 1332*d + 13. What is i(14)?
-15
Let u(o) = -3*o**3 + 5*o**2 + 33*o - 64. Calculate u(3).
-1
Let r(b) = -b**3 - 95*b**2 - 171*b + 1398. Determine r(-93).
3
Let h(u) = 2*u - 100. Give h(-12).
-124
Let t(h) = -h**3 + 5*h**2 + 18*h - 35. Determine t(6).
37
Let b(p) = -4*p**2 + 357*p + 2614. Determine b(-7).
-81
Let q(c) = -68*c - 472. Calculate q(8).
-1016
Let w(m) = m**3 + 35*m**2 - 61*m - 2132. Calculate w(-35).
3
Let h(q) = -10*q**2 - 19*q - 32. What is h(-2)?
-34
Let h(j) = 2*j**2 + 57*j + 190. What is h(-7)?
-111
Let k(h) = h**3 - 7*h**2 - 65*h - 184. Calculate k(13).
-15
Let j(l) = 51*l + 2442. Determine j(-48).
-6
Let v(d) = 7*d + 107. Determine v(-11).
30
Let d(q) = -q**3 - 4*q**2 + 81*q + 23. Give d(8).
-97
Let a(j) = -j**2 - 26*j - 58. Determine a(-25).
-33
Let x(z) = 9*z**2 + 947*z + 216. What is x(-105)?
6
Let m(w) = w**3 + 21*w**2 + 63*w + 875. Calculate m(-20).
15
Let n(q) = -3*q**3 - q**2 + 6*q - 57. Determine n(0).
-57
Let c(d) = d**2 + 4*d - 17. What is c(-6)?
-5
Let o(l) = -l**3 - 58*l**2 - 324*l - 85. What is o(-6)?
-13
Let w(g) = -41*g - 7977. Calculate w(-194).
-23
Let k(x) = x**2 + 107*x - 2264. Give k(-125).
-14
Let t(b) = -29*b + 204. Give t(7).
1
Let n(x) = -51*x**2 - 4281*x + 251. Give n(-84).
-1
Let c(k) = k**3 - 290*k**2 - 259*k - 9337. Determine c(291).
-25
Let g(l) = 498*l + 2877. Give g(-6).
-111
Let x(r) = r**3 - 9*r**2 - 43*r + 23. Determine x(11).
-208
Let g(x) = x**2 - 53*x - 1462. Give g(-20).
-2
Let d(c) = 26*c - 1919. Calculate d(85).
291
Let i(b) = -b**2 - 43*b - 381. What is i(-9)?
-75
Let v(t) = -4*t**3 - 49*t**2 + 45*t + 688. What is v(-12)?
4
Let f(y) = y**2 - 5*y + 75. Calculate f(18).
309
Let q(r) = -4*r**2 - 5100*r + 20462. Calculate q(4).
-2
Let z(t) = t**3 - 15*t**2 - 123*t + 1839. Determine z(15).
-6
Let k(w) = w**3 + 42*w**2 - 34*w + 165. Determine k(-43).
-222
Let y(n) = -n**3 + 268*n**2 - 5184*n - 747. Calculate y(247).
-6
Let w(b) = -67*b + 279. Calculate w(2).
145
Let r(b) = 8*b**2 + 164*b + 236. Determine r(-19).
8
Let o(h) = h**3 - 6*h**2 - 14*h - 30. Calculate o(8).
-14
Let l(w) = -w**3 - 9*w**2 - 6. What is l(-7)?
-104
Let r(m) = 2*m**2 - 1750*m + 10483. What is r(6)?
55
Let k(b) = -b**2 + 11*b + 20. Give k(12).
8
Let s(r) = -r**2 - 3*r + 286. Give s(12).
106
Let a(o) = o**2 + 21*o + 29. Determine a(-11).
-81
Let s(j) = j**3 - 9*j**2 - 15*j + 11. Determine s(10).
-39
Let w(d) = -39*d + 1985. What is w(57)?
-238
Let o(t) = 14*t**3 + 3*t**2 + 13*t - 17. Give o(1).
13
Let u(c) = 6*c + 86. Give u(-17).
-16
Let g(j) = j**2 + 6*j + 2. Give g(-6).
2
Let b(p) = -157*p + 4237. Calculate b(27).
-2
Let i(r) = -19*r**2 - 6*r - 4. Calculate i(-1).
-17
Let p(b) = 16*b**2 + 623*b - 36. Determine p(-39).
3
Let h(b) = 15*b**3 - 2*b**2 - 8*b + 9. Determine h(1).
14
Let o(c) = 3*c**2 - 227*c - 2098. Determine o(84).
2
Let d(g) = g**2 - 13*g - 312. Calculate d(23).
-82
Let b(t) = 7*t**2 - 1131*t + 643. Determine b(161).
-1
Let t(h) = 9*h**2 - 30*h + 29. Determine t(1).
8
Let h(n) = -3*n**3 - 21*n**2 + n + 9. Calculate h(-7).
2
Let k(n) = -n**2 + 68*n + 213. Calculate k(-3).
0
Let t(g) = -g**2 + 277*g - 2669. What is t(10)?
1
Let i(l) = 4*l**2 - 54*l - 29. Determine i(13).
-55
Let j(l) = -152*l - 694. Determine j(-6).
218
Let x(s) = 12*s - 35. Determine x(3).
1
Let t(y) = -y**3 - 2*y**2 + 40*y + 157. Determine t(-7).
122
Let f(u) = -17*u**2 + 251*u + 72. Give f(15).
12
Let p(z) = 2*z**3 - 34*z**2 - 29*z - 43. Give p(17).
-536
Let z(d) = -3*d**2 - 27*d - 149. Give z(-7).
-107
Let q(z) = 111*z - 75. Calculate q(-3).
-408
Let c(o) = 1037*o + 46. Determine c(0).
46
Let w(r) = -1080*r + 6474. What is w(6)?
-6
Let a(r) = -r**3 + r**2 - 180*r + 363. Give a(2).
-1
Let x(k) = k**2 - 46*k - 508. What is x(-9)?
-13
Let b(q) = -2*q**2 - 161*q - 182. Give b(-81).
-263
Let p(w) = 552*w - 3301. Calculate p(6).
11
Let g(b) = b**3 + 21*b**2 - 72*b - 625. What is g(-23)?
-27
Let j(q) = 2*q**3 - 5*q**2 - 10*q + 35. Give j(3).
14
Let q(v) = -14*v**2 - 55*v - 2. Calculate q(-4).
-6
Let s(t) = t**3 + 30*t**2 + 60*t + 106. Give s(-28).
-6
Let k(x) = -x**3 - 20*x**2 - 78*x + 15. What is k(-9)?
-174
Let w(r) = -67*r + 315. Give w(4).
47
Let a(b) = 27*b - 287. Calculate a(11).
10
Let p(n) = -3*n**3 - 27*n**2 + 33*n - 3. What is p(-10)?
-33
Let f(b) = -568*b + 321. Calculate f(2).
-815
Let c(x) = -x**2 - 31*x + 29. Determine c(-30).
59
Let c(j) = -262*j + 2358. Determine c(9).
0
Let i(g) = -g**2 - 4403*g - 61442. Give i(-14).
4
Let r(p) = p**3 - 28*p**2 + 95*p + 13. Give r(24).
-11
Let k(w) = 3780*w + 26449. What is k(-7)?
-11
Let m(r) = 2*r**2 - 539*r - 47539. Give m(-70).
-9
Let i(d) = 30*d + 1874. Give i(-65).
-76
Let y(k) = -k**2 - 116*k - 1118. Determine y(-106).
-58
Let l(i) = 479*i + 1873. Determine l(-4).
-43
Let s(k) = k**2 + 5*k - 220. Give s(-17).
-16
Let l(b) = 77*b**2 - 41*b + 3. Calculate l(1).
39
Let h(a) = -24*a**2 + 40*a + 1. Determine h(3).
-95
Let i(l) = 46*l - 140. Calculate i(7).
182
Let j(p) = -p**3 + 34*p**2 - 63*p + 10. What is j(32)?
42
Let p(w) = -134*w**2 - 1606*w - 30. What is p(-12)?
-54
Let u(c) = 47*c - 3477. Give u(74).
1
Let y(x) = 3*x**3 + 4*x**2 - 6*x - 11. What is y(-5)?
-256
Let i(k) = 2*k**3 - 68*k**2 - 75*k + 196. Calculate i(35).
21
Let s(o) = -955*o - 3836. What is s(-4)?
-16
Let g(z) = -z**2 - 143*z - 2948. What is g(-118)?
2
Let t(l) = -5*l**2 - 122*l + 80. What is t(-25)?
5
Let k(o) = 2*o**3 + 35*o**2 - 17*o - 19. Give k(-18).
-37
Let o(k) = 342*k - 1374. Determine o(4).
-6
Let q(t) = -1183*t - 8292. Determine q(-7).
-11
Let b(h) = 110*h + 63. Determine b(-1).
-47
Let q(l) = -8*l - 138. What is q(-20)?
22
Let k(b) = b**2 + 217*b + 1692. Calculate k(-8).
20
Let m(n) = 960*n + 27837. Determine m(-29).
-3
Let o(v) = v**3 + 8*v**2 + 11*v + 31. Calculate o(-7).
3
Let t(c) = -3*c**2 + 53*c - 262. Determine t(7).
-38
Let y(n) = -n**2 - 29*n - 217. Determine y(-12).
-13
Let v(j) = 3*j**3 - 72*j**2 + 4*j - 101. What is v(24)?
-5
Let h(t) = 4*t**2 - 17*t - 116. What is h(8)?
4
Let y(o) = -22*o + 164. Calculate y(16).
-188
Let t(d) = d**3 + 11*d**2 + 2*d - 105. Determine t(-10).
-25
Let k(h) = -15*h**3 - 5*h**2 - 19*h - 30. Determine k(-2).
108
Let z(h) = -35*h - 100. Calculate z(-11).
285
Let u(x) = 5*x**2 - 116*x + 635. What is u(12)?
-37
Let a(n) = 450*n + 2492. Calculate a(-6).
-208
Let w(f) = 2426*f + 4847. Calculate w(-2).
-5
Let u(k) = k**2 + 627*k + 3. What is u(0)?
3
Let u(w) = -2*w - 364. Give u(-45).
-274
Let f(n) = -56*n + 7396. Determine f(132).
4
Let r(u) = u**3 + 101*u**2 - 417*u - 10. Give r(4).
2
Let g(p) = -p**3 + 38*p**2 + 27*p + 442. What is g(39)?
-26
Let w(n) = n**2 - 20*n + 104. Calculate w(10).
4
Let r(d) = -4552*d - 59172. Give r(-13).
4
Let f(k) = 2*k**2 - 21*k - 163. Give f(16).
13
Let p(r) = -14*r**2 - 35*r - 13. Give p(-4).
-97
Let r(o) = -24*o - 38. What is r(-7)?
130
Let u(m) = m**3 - 31*m**2 + 154*m - 1900. Calculate u(28).
60
Let f(k) = -6*k + 173. What is f(0)?
173
Let s(z) = -5*z**2 + 108*z - 557. Give s(8).
-13
Let d(h) = 1249*h - 79945. Give d(64).
-9
Let m(k) = 2*k**2 + 9*k - 399. Determine m(12).
-3
Let v(i) = -2*i**2 + 14*i + 690. Give v(-19).
-298
Let j(q) = 315*q + 322. Determine j(-1).
7
Let n(d) = d**3 - 15*d**2 + 70*d - 38. What is n(7)?
60
Let t(f) = -7*f + 6. Determine t(8).
-50
Let h(n) = -n**3 - 79*n**2 + 162*n + 169. What is h(-81)?
169
Let u(k) = 284*k**3 - 851*k**2 + 6*k - 24. Calculate u(3).
3
Let n(x) = 3*x**2 - 9*x + 21. Calculate n(4).
33
Let m(s) = s**2 - 4*s - 281. Calculate m(-13).
-60
Let h(y) = 126*y + 41461. Give h(-329).
7
Let i(t) = t**2 - 39*t + 221. Determine i(11).
-87
Let v(n) = 4*n**2 - 12*n + 5. Determine v(1).
-3
Let r(p) = 768*p + 12275. What is r(-16)?
-13
Let c(t) = 14*t - 59. What is c(5)?
11
Let p(w) = -w**3 - 3*w**2 + 65*w - 43. Give p(-10).
7
Let l(x) =